?
False
Does 18 divide 15678?
True
Is 4 a factor of 1804?
True
Is 27 a factor of 4266?
True
Is 101 a factor of 54272?
False
Is 7394 a multiple of 46?
False
Does 3 divide 1575?
True
Is 9 a factor of 6976?
False
Is 134 a factor of 3143?
False
Does 7 divide 6698?
False
Is 31 a factor of 17159?
False
Does 65 divide 4934?
False
Is 10 a factor of 263?
False
Is 31 a factor of 310?
True
Does 53 divide 4770?
True
Is 19 a factor of 1444?
True
Is 71454 a multiple of 43?
False
Is 5480 a multiple of 15?
False
Is 6512 a multiple of 74?
True
Is 2264 a multiple of 88?
False
Is 6023 a multiple of 19?
True
Is 585 a multiple of 39?
True
Does 84 divide 6300?
True
Does 15 divide 525?
True
Does 63 divide 473?
False
Is 14 a factor of 190?
False
Is 4144 a multiple of 28?
True
Does 36 divide 142?
False
Does 27 divide 10908?
True
Is 6950 a multiple of 5?
True
Does 228 divide 25707?
False
Does 9 divide 14884?
False
Is 39 a factor of 5796?
False
Does 16 divide 474?
False
Is 14 a factor of 7686?
True
Does 33 divide 660?
True
Does 22 divide 9948?
False
Is 2090 a multiple of 11?
True
Is 8569 a multiple of 19?
True
Is 11 a factor of 21780?
True
Is 4284 a multiple of 12?
True
Is 42 a factor of 3192?
True
Does 80 divide 1360?
True
Does 23 divide 12213?
True
Is 13 a factor of 611?
True
Is 102600 a multiple of 54?
True
Does 7 divide 4464?
False
Is 8820 a multiple of 14?
True
Is 14 a factor of 1348?
False
Does 11 divide 27615?
False
Does 10 divide 149?
False
Does 11 divide 18336?
False
Is 2735 a multiple of 49?
False
Is 58037 a multiple of 115?
False
Is 17 a factor of 7599?
True
Is 8250 a multiple of 150?
True
Is 7 a factor of 5964?
True
Does 19 divide 882?
False
Is 126 a multiple of 6?
True
Is 77 a factor of 1771?
True
Is 36 a factor of 6053?
False
Is 25 a factor of 1202?
False
Is 8586 a multiple of 54?
True
Does 26 divide 582?
False
Is 228 a factor of 27132?
True
Is 179 a factor of 17391?
False
Is 57 a factor of 726?
False
Is 7 a factor of 203?
True
Does 30 divide 531?
False
Is 833 a multiple of 17?
True
Is 792 a multiple of 132?
True
Is 53 a factor of 811?
False
Is 804 a multiple of 5?
False
Is 40711 a multiple of 199?
False
Is 208 a multiple of 90?
False
Does 50 divide 251?
False
Is 274 even?
True
Is 95 a factor of 107461?
False
Is 14275 a multiple of 22?
False
Does 52 divide 121472?
True
Does 17 divide 1190?
True
Is 10 a factor of 29850?
True
Does 3 divide 34?
False
Is 7 a factor of 4305?
True
Is 434 a multiple of 2?
True
Is 5462 a multiple of 13?
False
Is 8 a factor of 72?
True
Does 2 divide 3276?
True
Does 41 divide 4789?
False
Does 25 divide 3208?
False
Is 1558 a multiple of 130?
False
Is 12 a factor of 1752?
True
Does 41 divide 5605?
False
Is 6679 a multiple of 92?
False
Does 9 divide 414?
True
Is 12177 a multiple of 99?
True
Is 3472 a multiple of 28?
True
Does 194 divide 27548?
True
Is 4526 even?
True
Is 131 a factor of 2096?
True
Is 13 a factor of 45514?
False
Is 39 a factor of 858?
True
Is 318 a multiple of 2?
True
Is 22 a factor of 1137?
False
Does 5 divide 173?
False
Does 81 divide 13838?
False
Does 3 divide 2022?
True
Is 21 a factor of 1653?
False
Is 156 a multiple of 6?
True
Does 26 divide 795?
False
Is 57 a factor of 43335?
False
Does 14 divide 105?
False
Does 8 divide 1259?
False
Is 4522 a multiple of 22?
False
Is 243 even?
False
Does 3 divide 542?
False
Does 40 divide 20905?
False
Is 33 a factor of 198?
True
Is 14 a factor of 3808?
True
Is 163 a factor of 66618?
False
Is 140 a factor of 7665?
False
Is 118 a factor of 472?
True
Is 24 a factor of 840?
True
Does 14 divide 11574?
False
Is 40 a factor of 400?
True
Is 2173 a multiple of 41?
True
Is 4640 a multiple of 58?
True
Does 58 divide 116?
True
Does 7 divide 1687?
True
Is 244 a factor of 11224?
True
Does 2 divide 95?
False
Is 72 a factor of 261?
False
Is 1686 a multiple of 96?
False
Is 3834 a multiple of 9?
True
Is 2304 a multiple of 16?
True
Is 96 a multiple of 8?
True
Does 33 divide 4521?
True
Does 18 divide 734?
False
Does 3 divide 3967?
False
Is 644 a multiple of 28?
True
Does 221 divide 113594?
True
Is 16 a factor of 74576?
True
Is 1650 a multiple of 55?
True
Does 6 divide 527?
False
Is 2140 a multiple of 107?
True
Does 14 divide 8655?
False
Is 41 a factor of 6232?
True
Is 23 a factor of 12131?
False
Is 7 a factor of 8928?
False
Is 12 a factor of 5689?
False
Does 4 divide 7369?
False
Is 735 a multiple of 15?
True
Does 7 divide 284?
False
Does 7 divide 1580?
False
Is 5400 a multiple of 120?
True
Is 9 a factor of 66?
False
Does 14 divide 420?
True
Is 2438 a multiple of 13?
False
Is 30336 a multiple of 102?
False
Is 6 a factor of 499?
False
Is 51337 a multiple of 86?
False
Does 15 divide 85950?
True
Is 30 a factor of 9405?
False
Is 28 a factor of 1376?
False
Does 15 divide 93?
False
Is 2659 a multiple of 20?
False
Is 63 a factor of 1134?
True
Does 52 divide 3325?
False
Is 65 a factor of 4474?
False
Is 14 a factor of 39004?
True
Is 16529 a multiple of 6?
False
Is 17 a factor of 5879?
False
Is 46800 a multiple of 45?
True
Does 5 divide 2839?
False
Does 11 divide 77?
True
Does 50 divide 3002?
False
Is 89 a factor of 5551?
False
Is 112 a multiple of 16?
True
Is 862 a multiple of 2?
True
Is 912 a multiple of 38?
True
Does 2 divide 258?
True
Is 4 a factor of 2903?
False
Is 352 a multiple of 14?
False
Is 19 a factor of 1359?
False
Does 34 divide 6143?
False
Is 85902 a multiple of 139?
True
Is 31 a factor of 60214?
False
Is 7 a factor of 5201?
True
Is 1072 a multiple of 13?
False
Is 4200 a multiple of 28?
True
Is 20 a factor of 4472?
False
Is 2 a factor of 6169?
False
Does 111 divide 32742?
False
Does 54 divide 864?
True
Is 14 a factor of 882?
True
Does 66 divide 2430?
False
Is 318 even?
True
Is 38 a factor of 4076?
False
Is 3 a factor of 2219?
False
Is 12456 a multiple of 12?
True
Is 17 a factor of 21250?
True
Does 4 divide 35188?
True
Does 36 divide 71676?
True
Is 11353 a multiple of 16?
False
Is 66 a multiple of 4?
False
Is 23 a factor of 3795?
True
Is 1053 a multiple of 39?
True
Is 6414 a multiple of 3?
True
Is 128 a factor of 57752?
False
Does 40 divide 335?
False
Is 16 a factor of 1885?
False
Is 6479 a multiple of 53?
False
Is 5 a factor of 16?
False
Does 28 divide 6580?
True
Does 12 divide 3936?
True
Is 31460 a multiple of 10?
True
Is 7 a factor of 4932?
False
Is 47 a factor of 907?
False
Is 560 a multiple of 16?
True
Is 8005 a multiple of 61?
False
Is 345 a multiple of 15?
True
Is 3040 a multiple of 40?
True
Is 9 a factor of 996?
False
Is 357 a multiple of 17?
True
Is 50 a factor of 3917?
False
Does 22 divide 2354?
True
Is 167 a factor of 1996?
False
Is 72 a multiple of 18?
True
Is 6 a factor of 1849?
False
Does 57 divide 228?
True
Does 8 divide 114?
False
Does 7 divide 1946?
True
Is 34 a factor of 1934?
False
Does 34 divide 2129?
False
Is 2473 a multiple of 11?
False
Is 32 a factor of 2187?
False
Is 11 a factor of 3940?
False
Is 8 a factor of 768?
True
Does 15 divide 2253?
False
Is 13 a multiple of 4?
False
Is 24462 a multiple of 151?
True
Does 11 divide 42240?
True
Does 29 divide 108?
False
Is 75429 a multiple of 289?
True
Does 26 divide 12480?
True
Does 78 divide 2340?
True
Is 8 a factor of 92?
False
Is 3462 a multiple of 6?
True
Is 54 a factor of 5456?
False
Is 17 a factor of 4539?
True
Is 1611 a multiple of 6?
False
Does 47 divide 40091?
True
Does 28 divide 809?
False
Is 11680 a multiple of 40?
True
Does 64 divide 541?
False
Does 14 divide 2970?
False
Does 33 divide 90750?
True
Is 10500 a multiple of 42?
True
Does 3 divide 294?
True
Is 67 a factor of 44555?
True
Is 4536 a multiple of 108?
True
Does 101 divide 8181?
True
Is 116 a factor of 4408?
True
Does 11 divide 1548?
False
Is 9293 a multiple of 50?
False
Is 5845 a multiple of 32?
False
Is 1073 a multiple of 22?
False
Is 4076 a multiple of 15?
False
Is 31 a factor of 2418?
True
Is 39 a factor of 3120?
True
Does 15 divide 69?
False
Is 6 a factor of 284?
False
Is 73 even?
False
Is 61 a factor of 488?
True
Does 46 divide 4201?
False
Is 15 a factor of 90?
True
Does 27 divide 5508?
True
Is 18 a factor of 504?
True
Is 18 a factor of 1332?
True
Is 7648 a multiple of 4?
True
Is 35 a multiple of 25?
False
Does 9 divide 1442?
False
Does 12 divide 9396?
True
Is 26940 a multiple of 15?
True
Is 342 a multiple of 2?
True
Does 13 divide 2574?
True
Is 28 a factor